t u be ((-2)/(-6))/(o/132). Calculate the greatest common divisor of u and 11.
11
Suppose -3*z + 4*n = -4, -2*n = -5*z - 3*n + 22. Let w be (-14 + -1)/((-6)/z). Calculate the greatest common factor of 5 and w.
5
Suppose 0 = 7*z - 39 - 52. Calculate the highest common factor of z and 65.
13
Let l be ((-13)/(-2))/(9/18). Suppose 34 = m - 5. Calculate the greatest common divisor of l and m.
13
Suppose -4*i = b - 53, -5*b - 25 + 10 = 0. Calculate the highest common factor of 98 and i.
14
Suppose -8*u + 3*u = 0. Let f be (2 - u) + 1 + 52. Suppose -3*h - 2*o = -17 - 6, -3*h = -4*o + 1. Calculate the greatest common factor of f and h.
5
Let s be (-3 + (3 - -2))*1. What is the highest common divisor of s and 14?
2
Let z = 55 + -29. Suppose -4*f - 12 = 0, 885 = 4*n - n - 2*f. Suppose 2*y - n - 15 = -3*k, k + 4*y - 96 = 0. Calculate the greatest common factor of z and k.
26
Let d = -123 + 204. What is the highest common divisor of d and 54?
27
Suppose -5*p + 138 = -7. Suppose -2*i = -p + 3. What is the highest common divisor of i and 52?
13
Let p(n) = -n**3 - 7*n**2 - 2*n + 24. Let m be p(-6). Let b = -4 + 6. Suppose 0 = -m*i + b*i - 64. Calculate the greatest common divisor of i and 4.
4
Let f = 19 + 35. Let v = 41 + -23. Suppose 6*m - 3*m = v. What is the highest common divisor of m and f?
6
Let r(j) = -j - 3. Suppose -d - 20 = 3*n, 24 = -4*n - 0*d - 4*d. Let k be r(n). Calculate the highest common factor of 12 and k.
4
Suppose 0*g - 3*g + 4*f = -17, -2*f = 4*g - 30. Calculate the highest common factor of g and 56.
7
Suppose 0 = u + y - 5*y - 20, -5*y = -20. Let b = -94 + 55. Let n = -27 - b. Calculate the highest common factor of u and n.
12
Let n(g) = g - 15. Let v(c) = 1. Let h(z) = -n(z) + 5*v(z). Let i be h(9). What is the greatest common divisor of i and 99?
11
Let v = 1 - 1. Let r = 65 - v. Suppose 0 = -3*b - 2*s + 35, b = 3*s - 6*s + 7. What is the greatest common factor of r and b?
13
Let m(d) = d + 4*d**2 + 1 - 1 + 0*d. Let j be m(1). What is the greatest common factor of 45 and j?
5
Let a(v) = 34*v**2 + 15*v**2 + 36*v**2 - 1. Let t be a(1). What is the greatest common divisor of t and 12?
12
Suppose 2*f - 306 = -0*f. Let u = -140 - -157. Calculate the greatest common divisor of u and f.
17
Let z be 2 - 32/(-3 + 7). Let h(q) = q**2 + q - 4. Let w be h(z). Calculate the greatest common factor of 39 and w.
13
Let c(r) = 4*r - 5. Let w be c(2). Suppose -4*x = -0*x + w*g - 98, g = 3*x - 67. Calculate the greatest common divisor of x and 253.
23
Let s = 15 - 27. Let i be (s/(-10))/((-6)/(-640)). Calculate the greatest common factor of 16 and i.
16
Let t = 4 + -2. Suppose -7*r + t*r = -10. Suppose -5*p + 80 = -0*p. What is the greatest common divisor of r and p?
2
Suppose -4*d = -2*d - 18. Calculate the highest common factor of d and 63.
9
Suppose -7*j + 25 = -52. Calculate the highest common factor of 198 and j.
11
Suppose -2*w + 4*w - 4 = 0. Suppose w*r = 4*r - 16. Let m be (-6)/(-1)*8/6. Calculate the highest common factor of m and r.
8
Suppose -21 = 4*s - 1. Let m = -21 + 10. Let k = s - m. Calculate the highest common factor of k and 4.
2
Suppose 4*k - 104 = -4*r, -k - 2*r + 142 = 4*k. Let q(z) = -2*z + 8. Let g be q(-6). Calculate the greatest common factor of k and g.
10
Let y(n) = -n - 2. Let d be y(-2). Suppose 2*p = -4*t + 14, d*t - 12 = -2*p - 3*t. Suppose -p*a = -0*a - 54. Calculate the greatest common divisor of 54 and a.
18
Let u(o) = -3*o**3 - 3*o**2 - o. Let k be (-6)/(-3) + (-2 - 2). Let q be u(k). What is the highest common factor of q and 2?
2
Let i = 41 - 17. What is the highest common factor of 48 and i?
24
Suppose 3*c - 422 = -101. Suppose -4*h + 25 + c = 0. Calculate the highest common divisor of 22 and h.
11
Let w = -4 - -6. Let k = 232 + -224. Calculate the highest common divisor of w and k.
2
Let k = -123 - -233. What is the highest common factor of k and 11?
11
Let g = -7 - -13. Suppose g*y - 3*y - 81 = 0. Let u = -19 + y. Calculate the highest common divisor of 56 and u.
8
Let b = -68 + 173. Let f(p) = 14*p + 1. Let a be f(1). Calculate the greatest common factor of b and a.
15
Let h(n) = -4*n - 4. Let c be h(-4). What is the greatest common divisor of 36 and c?
12
Suppose 4*l = 2*q - 4 - 8, 5*l = 4*q - 33. Let i = -36 - -120. What is the highest common divisor of q and i?
12
Let g(q) be the second derivative of q**4/12 + 7*q**3/6 + 5*q**2/2 - q. Let n be g(-7). Suppose -n*j + 23 = -17. What is the greatest common divisor of j and 4?
4
Let u(q) = -q + 58. Let a be u(-26). What is the highest common divisor of 210 and a?
42
Suppose -q - t = -0*t - 49, 0 = -5*q + 2*t + 210. Calculate the greatest common factor of q and 11.
11
Let k = -44 + 76. What is the greatest common divisor of k and 8?
8
Let w(a) be the third derivative of a**5/60 + a**4/24 - 7*a**3/6 + 5*a**2. Let q be w(6). What is the greatest common factor of q and 14?
7
Let u(r) be the first derivative of r**3/3 - 5*r**2/2 - 4*r + 3. Let z be u(6). What is the highest common factor of 8 and z?
2
Let t(q) = q**3 + 10*q**2 - 10*q - 3. Let x be t(-11). Let o be (2 + x)/((-1)/4). What is the greatest common factor of 16 and o?
16
Let j be (3 - 2) + 4 + 0. Suppose -2*g = -j*g + 27. Let o(k) = k**3 - 3*k**2 - k - 3. Let v be o(4). What is the greatest common divisor of v and g?
9
Suppose -3*p = -3*u - 141, 0*p + 57 = p - 3*u. Let g be (12/(-7))/(7/((-196)/8)). What is the highest common factor of g and p?
6
Suppose -4*p = -p + 75. Let b = p + 70. Calculate the highest common divisor of 15 and b.
15
Suppose 46 = -5*d + 846. What is the greatest common factor of 64 and d?
32
Let n be (-1)/2 + (-450)/(-4). Let k be 0 + 1/((-2)/n). Let m = 48 - k. What is the highest common divisor of 13 and m?
13
Let m be (-10)/(-45) + (-176)/(-18). Let z = m - -8. Calculate the highest common divisor of z and 54.
18
Suppose 0 = -5*p + 509 - 84. Calculate the highest common divisor of p and 17.
17
Let a(t) = -2*t + 2*t - t + 19. Let p be a(12). Suppose -4*r + 57 = 1. What is the highest common divisor of p and r?
7
Let t(f) = 5*f - 31. Let x be t(15). Let v be ((-1)/2)/(2/(-44)). Calculate the greatest common divisor of v and x.
11
Let w be ((-28)/(-84))/((-2)/(-288)). Calculate the highest common divisor of w and 336.
48
Let w(i) = 4*i - 13. Let t be w(10). Let o = -11 + t. Calculate the greatest common divisor of o and 24.
8
Let g = 3 + -28. Let o = g - -15. Let t be 480/o*(-1)/2. Calculate the highest common factor of t and 12.
12
Let b(j) = j**3 - 6*j + 4. Let w be b(4). Suppose -71 = -4*s + 93. Suppose -w = -5*p + s. What is the highest common divisor of p and 17?
17
Let h = -9 + 22. Suppose 0 = -5*m + 5*j + 838 - 148, 5*j + 118 = m. Calculate the highest common divisor of m and h.
13
Let f(k) = 20*k**2 + 2*k + 3. Let s be f(3). Suppose 12*v - 42 = 10*v. Calculate the greatest common divisor of v and s.
21
Let x(l) = 25*l + 9. Let w be x(-7). Let r = w - -243. Let h(u) = 2*u + 3. Let f be h(4). What is the greatest common factor of r and f?
11
Let s = 197 - 42. Calculate the greatest common factor of s and 62.
31
Let z(c) = c + 7. Let o be z(-5). Calculate the highest common factor of o and 2.
2
Let x = 9 - 6. Suppose 3*d - x = 2*m - 20, -26 = -5*m + 2*d. What is the highest common divisor of 4 and m?
4
Let c = 113 - 119. Let n(t) = t**2 + 3*t - 1. Let w be n(-3). Let m be -4 - w - c*2. What is the highest common divisor of m and 99?
9
Let v(y) be the second derivative of y**4/12 - 4*y**3/3 + 15*y**2/2 + 4*y. Let c be v(10). Calculate the highest common factor of 7 and c.
7
Let c = 0 + 3. Suppose 5*y = 2*y + 6. Suppose -4*p = c*b - y*b - 706, b + 878 = 5*p. What is the highest common divisor of p and 16?
16
Suppose -3*d = d - 108. What is the greatest common factor of d and 3?
3
Let o be -1*3*(3 - 4). Suppose 13 = -o*a + 103. What is the greatest common divisor of a and 10?
10
Let i be (1 - 0) + 7 + 2. Let z(n) = n**3 - 4*n**2 - 4*n + 2. Let m be z(6). Calculate the highest common divisor of i and m.
10
Let u(m) = 5*m**3 - 4*m**2 + 5*m - 1. Let n be u(2). Calculate the highest common divisor of 33 and n.
33
Let y be (9/1)/((-15)/(-10)). Calculate the highest common factor of y and 24.
6
Let v be (-16)/(-6) - 2 - 333/(-27). What is the highest common factor of v and 91?
13
Suppo